n base 5?
-43313212
Convert 23b24a (base 12) to base 9.
1072484
642646 (base 7) to base 14
2c896
16368 (base 11) to base 6
254440
What is -32331446 (base 7) in base 9?
-5172588
302510 (base 9) to base 14
49351
125334 (base 8) to base 15
ce60
Convert -16025ab (base 12) to base 10.
-4483283
-1243403304 (base 5) to base 2
-1011110110011110010000
Convert 677431 (base 9) to base 10.
405676
320213203 (base 4) to base 13
81730
What is 11100110100000110001011 (base 2) in base 15?
9e30b4
Convert 2210121230 (base 4) to base 11.
41aa21
What is 403952 (base 11) in base 7?
5343062
What is -6354751 (base 8) in base 3?
-10012001222121
a22b1a (base 15) to base 16
758eba
-160655105 (base 7) to base 3
-202100202011202
4124320 (base 5) to base 14
1a828
Convert 70046 (base 9) to base 4.
23032101
10011100011010001 (base 2) to base 6
1414425
What is -2311100302 (base 4) in base 6?
-23525134
888952 (base 10) to base 12
36a534
What is 2313411322 (base 5) in base 15?
6d0942
2ec8ab (base 16) to base 7
35026566
-9542 (base 11) to base 3
-122022210
What is -201013303210 (base 4) in base 9?
-17303411
c75 (base 16) to base 7
12204
What is -a1a612 (base 13) in base 4?
-32113010022
4298b (base 12) to base 7
513662
1081ad3 (base 14) to base 9
15671768
Convert 3122202300 (base 4) to base 2.
11011010100010110000
Convert 27394a (base 12) to base 10.
649354
-12277031 (base 8) to base 13
-742938
What is a6d838 (base 16) in base 4?
221231200320
Convert 3342430 (base 6) to base 14.
4588a
Convert -214544 (base 9) to base 15.
-27dea
Convert -5064b3 (base 16) to base 11.
-2a79470
What is 101e64 (base 15) in base 5?
144002434
Convert -170774 (base 8) to base 12.
-2ba24
What is 13d25b7 (base 15) in base 13?
2c7ba04
Convert -710361 (base 8) to base 15.
-493ad
What is -79d004 (base 15) in base 10?
-5815129
What is -7586811 (base 9) in base 8?
-17422624
What is -148104 (base 9) in base 12?
-4494a
-2838 (base 14) to base 9
-10665
154557 (base 10) to base 2
100101101110111101
Convert 18332 (base 16) to base 11.
68521
Convert -11055226 (base 7) to base 12.
-3a081a
-1123379 (base 10) to base 3
-2010001222122
What is 11022011001 (base 3) in base 2?
10100101011000001
32a634 (base 15) to base 13
667018
11101101010100100100111 (base 2) to base 3
112122002102102
Convert -20122210100 (base 3) to base 6.
-2450443
-11073 (base 14) to base 4
-22010231
21210030 (base 6) to base 9
1150120
What is -29e53 (base 15) in base 4?
-200323011
2283018 (base 9) to base 7
13334354
Convert 353142 (base 7) to base 4.
33200232
-1145762 (base 8) to base 13
-b0111
Convert 27923 (base 14) to base 15.
1dec5
What is 410512 (base 8) in base 14?
37546
-1123dd (base 14) to base 15
-b78e1
-4417076 (base 8) to base 11
-741116
Convert dc60 (base 16) to base 9.
85344
What is 111001110000011010001111 (base 2) in base 15?
14e1115
Convert 1107806 (base 11) to base 16.
1da577
15470572 (base 8) to base 2
1101100111000101111010
What is 3575645 (base 8) in base 12?
3b42b1
What is 231224114 (base 6) in base 8?
20211456
What is 121111231131 (base 4) in base 6?
354212233
What is a71d5 (base 15) in base 3?
222221102202
129589 (base 10) to base 13
46ca5
What is -12027 (base 10) in base 15?
-386c
What is 34b15 (base 15) in base 10?
167870
What is 41214200 (base 5) in base 2?
1010001111010111110
Convert 54001 (base 8) to base 15.
6a1e
What is -11603561 (base 7) in base 9?
-1860178
-89468 (base 13) to base 7
-2055005
Convert -22625b (base 12) to base 11.
-346136
Convert 12593379 (base 10) to base 3.
212200210212110
-599ca (base 15) to base 2
-1000101110000010011
Convert -17c48 (base 13) to base 5.
-2433103
-6f6b9 (base 16) to base 4
-1233122321
ba638 (base 13) to base 4
1102110302
Convert 1023512522 (base 6) to base 9.
22317865
Convert -178866 (base 11) to base 8.
-1031432
What is -4005021 (base 6) in base 8?
-556505
Convert -223896 (base 10) to base 6.
-4444320
Convert -1744224 (base 9) to base 7.
-11165011
Convert 10121020220020 (base 3) to base 7.
22161663
Convert 12100210101221 (base 3) to base 2.
1010110111110010100100
-7b908 (base 14) to base 2
-1001001011101000100
-2533214 (base 9) to base 5
-323131142
1433441 (base 5) to base 6
353104
Convert 14314433 (base 6) to base 13.
143067
1989409 (base 10) to base 6
110350121
What is 1182731 (base 9) in base 12?
271347
What is 12011120121 (base 3) in base 16?
18d78
11195b (base 14) to base 11
367427
What is 1134424 (base 5) in base 7?
115631
-992c (base 13) to base 8
-51524
Convert -431203253 (base 6) to base 14.
-10255bb
Convert -221505232 (base 6) to base 8.
-17217664
10126403 (base 7) to base 6
30055105
181204 (base 10) to base 13
6462a
Convert a339a1 (base 12) to base 9.
4726644
What is -197221 (base 11) in base 9?
-510732
What is 9046424 (base 10) in base 16?
8a0998
Convert 1011100000011000101000 (base 2) to base 10.
3016232
What is -178147 (base 10) in base 6?
-3452431
Convert 18100c7 (base 13) to base 14.
1079dd3
Convert 605001 (base 7) to base 4.
121002132
Convert 26890 (base 15) to base 7.
1022604
11200112122 (base 3) to base 5
10422444
-24cc9a (base 15) to base 3
-10022122120101
72ab8 (base 13) to base 10
206162
11816 (base 11) to base 4
10020331
Convert -10010111000100011 (base 2) to base 8.
-227043
What is 55232342 (base 6) in base 12?
6786b2
What is -2020142 (base 6) in base 7?
-546533
What is -344312 (base 8) in base 4?
-130203022
-413420 (base 9) to base 7
-2041056
-545542 (base 8) to base 4
-230231202
What is -334624 (base 8) in base 16?
-1b994
Convert 4b402c (base 13) to base 8.
6713451
Convert -90cb (base 13) to base 2.
-100110111100100
Convert -a3481c (base 13) to base 15.
-5037d8
What is -9c16a (base 14) in base 2?
-1011100100001010010
-621703 (base 8) to base 14
-54db5
What is -100210121011 (base 3) in base 6?
-4045004
7a8db (base 14) to base 10
298113
35527 (base 11) to base 4
30200030
What is 14969 (base 14) in base 13?
1a433
What is -8842a (base 13) in base 11?
-159452
Convert -45434114 (base 6) to base 15.
-1c6801
1013031000 (base 4) to base 5
33313043
Convert -2113540 (base 9) to base 10.
-1131120
What is 153621 (base 8) in base 2?
1101011110010001
What is -680305 (base 9) in base 5?
-101011110
What is 1010740 (base 11) in base 14?
3473b7
Convert -59577 (base 10) to base 2.
-1110100010111001
-200303001221 (base 4) to base 9
-17153628
Convert -5325 (base 8) to base 10.
-2773
-42750114 (base 8) to base 16
-8bd04c
-100101001011011011 (base 2) to base 16
-252db
-12000002101 (base 3) to base 2
-11000000010101111
-332202141 (base 5) to base 14
-298382
Convert 147b93c (base 14) to base 2.
100110000100111100110010
Convert 3a9a0 (base 11) to base 7.
332233
Convert 205571 (base 8) to base 7.
403426
2401011 (base 5) to base 12
21489
Convert -4262422 (base 7) to base 5.
-113111024
Convert -13d21 (base 14) to base 11.
-33a90
aed17a (base 15) to base 8
37656133
10114224 (base 5) to base 6
1433355
3016224 (base 7) to base 6
11355110
What is -101103003131 (base 4) in base 11?
-2617917
5303210 (base 6) to base 13
9018c
What is -3400232431 (base 5) in base 12?
-25a3b92
a46c0 (base 15) to base 3
222111001200
What is -219101 (base 11) in base 5?
-42130334
Convert -122120101111001 (base 3) to base 7.
-142236460
What is 1fe539 (base 16) in base 3?
10221012100102
Convert -2012120210 (base 3) to base 5.
-2342222
What is 23363 (base 13) in base 9?
107175
Convert -1002334223 (base 5) to base 13.
-54b79c
What is -1d968 (base 15) in base 13?
-34c97
-100100111000100 (base 2) to base 11
-13208
Convert 83559 (base 15) to base 3.
210011002210
Convert -110100100010011101 (base 2) to base 15.
-43b67
-100000000001110000 (base 2) to base 4
-200001300
Convert -27053 (base 10) to base 5.
-1331203
What is -367478 (base 13) in base 14?
-25c3b1
147b826 (base 13) to base 5
3133144314
What is 11101100110001110 (base 2) in base 3?
20011022000
What is -80287 (base 10) in base 3?
-11002010121
What is -431831 (base 16) in base 10?
-4397105
2101012222 (base 5) to base 16
41d15d
-112322133 (base 5) to base 6
-14541210
154415033 (base 6) to base 8
14454135
171513 (base 8) to base 15
136c3
What is 548545 (base 15) in base 3?
21120121210002
-c0f2 (base 16) to base 4
-30003302
-111241 (base 7) to base 15
-5c6d
Convert -169396 (base 10) to base 8.
-512664
-23321001 (base 4) to base 5
-3024310
What is a6c7b (base 13) in 